t and 72?
18
Suppose -3*w + 15 + 15 = 0. Let r be (-185666)/(-296) - (9/(-12))/(-3). Suppose -7*k - r = -w*k. What is the highest common divisor of k and 19?
19
Suppose -85455 = -15*c + 3165. Calculate the highest common factor of 28 and c.
28
Suppose -5*y - 2*z = -461 + 132, y - 57 = 4*z. Suppose -139*i = 56*i - 5070. What is the greatest common divisor of y and i?
13
Let h(u) = -3*u**3 - 29*u**2 - 3*u - 40. Let v be h(-10). What is the highest common divisor of v and 5175?
45
Let o be 375/10*(-11248)/(-114). Calculate the greatest common factor of o and 75.
25
Let g(x) = 378 - 5*x + 85*x**2 - 380 + 20*x**2 - 13*x - 4*x. Let v be g(-2). Calculate the highest common factor of 42 and v.
42
Suppose 6*p - 47*p + 1125 = 387. Let k = 63 + 36. Calculate the greatest common divisor of k and p.
9
Suppose -2*x = -67 - 197 - 48. Calculate the highest common divisor of 3822 and x.
78
Let v be (-302)/1359 - 8/(-9)*-614. Let o = -304 - v. Calculate the greatest common factor of 22 and o.
22
Let n = 682 + -672. Suppose 0 = -n*x + 15*x - 25. What is the greatest common factor of x and 125?
5
Let k = -21321 + 21815. Calculate the greatest common factor of k and 1898.
26
Let m = -59 - -59. Suppose -2*p = -u + 38, m = -8*u + 10*u + 3*p - 111. What is the greatest common divisor of u and 18?
6
Let y(b) = 5*b**2 + 230*b + 49. Let l be y(-46). What is the highest common divisor of 1855 and l?
7
Suppose 16218 = 84*z + 22*z. Calculate the highest common divisor of z and 1764.
9
Let i = -352 + 520. Let d be -4 + 37/(1/(-16)*-4). Suppose -d = -6*h - 0*h. Calculate the highest common divisor of h and i.
24
Let b(q) = -3*q**2 - q - 14. Let h be b(4). Let o = h + 102. Let l = -159 + 213. What is the greatest common divisor of l and o?
18
Let o(b) = 51*b. Let f be o(8). Suppose f = 4*u + 4*a, -4*a = -u + 4*u - 303. Calculate the greatest common divisor of u and 15.
15
Suppose 0*w + h = 3*w - 30156, -20104 = -2*w - 2*h. What is the highest common divisor of 28 and w?
28
Let t(p) = 2*p**2 + 29*p + 12. Let j be t(-13). Let h = -10 - j. Calculate the highest common factor of 3 and h.
1
Let y = -24953 + 24964. Let v = 103 - 26. Calculate the greatest common divisor of v and y.
11
Let q(l) = -19*l - 80. Let u be (5/(-5) - 7)*1. Let x be q(u). Calculate the greatest common divisor of x and 120.
24
Suppose 4 + 11 = -3*x. Let d(v) = 6*v**2 - 7*v - 17. Let l be d(x). Suppose c = -0*c + 21. What is the highest common divisor of l and c?
21
Let w(n) = -15*n - 60. Let i be w(-19). Suppose 0 = 3*s + 3*v - 88 - 23, -5*s + 3*v + i = 0. Calculate the greatest common factor of s and 14.
14
Let r(t) = -9793*t**2 - 5 + 9794*t**2 + 0 + 5*t. Let x be r(3). Let w be 37 - (0 - (-1 + 2)). Calculate the greatest common factor of x and w.
19
Suppose 5*s + 8 = -2*t - 7, 0 = 4*t + 5*s + 5. Let i = -22 + 24. Suppose -i*l = -1 - 9. Calculate the highest common divisor of l and t.
5
Let u be (21/(-14))/(1/(-2)). Suppose -3*q + 95 = 5*l, 3*q - 31 = 2*q - l. Suppose 2*f = 12*f - q. Calculate the greatest common factor of f and u.
3
Let g(t) = -t**3 - 25*t**2 - 89*t + 7. Let f be g(-4). Let i = -76 - -121. Calculate the greatest common divisor of f and i.
9
Suppose 216*k - 572126 - 57352 = 335178. What is the highest common divisor of k and 42?
14
Suppose 13*q - 10 = 12*q. Suppose 0 = -24*n - 8*n + 14*n + 25020. Calculate the greatest common divisor of n and q.
10
Let n be ((0 - -15) + 0)*8/6. Suppose 8*z - 1528 = 232. What is the highest common factor of z and n?
20
Suppose 3*p - 5*d - 500 = 0, 2*d + 337 - 917 = -4*p. Suppose -2*l = -3*m - 231, -3*l + 3*m + 155 + 196 = 0. What is the greatest common divisor of p and l?
30
Let t be 835/17 - (-46)/(-391). Suppose 1183 = 13*f - 91. Calculate the greatest common factor of t and f.
49
Suppose -3*v - 357 = 3*x, v - 6*x + 4*x = -119. Let b be (-81 - v)*(1 - 0/1). Suppose -2*q = 3*q - 190. What is the highest common divisor of b and q?
38
Let v(n) = -379*n - 691. Let q be v(-14). Calculate the highest common factor of 65 and q.
65
Let k = -52 - -57. Suppose -22*n + k*n + 51 = 0. Calculate the greatest common factor of 9 and n.
3
Let x(t) = 3*t**3 - 12*t**2 + 25*t + 2. Let w be x(2). Suppose -w*r + 774 = 298. Calculate the greatest common divisor of r and 425.
17
Let c be 0 + 4 - (-8 - 21). Suppose -c = -0*l - l. Suppose 0 = -2*r + 111 + l. What is the highest common factor of r and 24?
24
Suppose -3*t + 24 = -t. Let k(f) = 4 + f**3 - 10*f**2 - t - 6 + 2*f + 2. Let g be k(10). Calculate the greatest common divisor of 2 and g.
2
Suppose -508 = -4*i + 12*a - 14*a, -5*i - a = -638. Calculate the highest common divisor of 176 and i.
16
Suppose -3*o + 746 = 194. Suppose -544 = -12*k + 968. Suppose k*x + 115 = 131*x. Calculate the greatest common divisor of o and x.
23
Suppose 5*t - 16 = 9. Suppose 32 = 5*i - 2*l, t*i - i = 2*l + 26. Calculate the highest common factor of 20 and i.
2
Suppose -r + 894 = 910. Let x be (-574)/r - 19/(-152). Let m be (6/(-9))/(2/(-648)). What is the greatest common divisor of x and m?
36
Suppose -1542 - 2581 = -12*o + 1697. Calculate the greatest common factor of o and 1552.
97
Suppose 0 = -3*g + 1150*q - 1155*q + 511, -q - 735 = -4*g. Calculate the greatest common divisor of 2314 and g.
26
Suppose -7617 - 11346 = -49*y. Calculate the highest common divisor of 301 and y.
43
Let y(g) = -g**2 - 10. Let z be y(0). Let r = z - -14. Let h be 15/12 + 23/r. Calculate the greatest common divisor of 7 and h.
7
Suppose 0 = 3*o + 3*h - 1416, 4*o - 484 = 3*o - 4*h. Let q = 514 - 510. What is the greatest common divisor of q and o?
4
Let r(m) = 400*m**3 + m**2 - 2*m + 1. Let q be r(1). Let x = q + -343. Calculate the greatest common factor of x and 247.
19
Let b = -37 + 36. Let j be -1 + b - (4 + 0 + -26). Let q be (j/7)/((-30)/(-105)). Calculate the highest common divisor of q and 10.
10
Let d(n) = n + 31. Let v = 32 - 38. Let c be d(v). Let o(b) = b**2 + 2*b - 3. Let s be o(2). What is the greatest common factor of s and c?
5
Suppose 10*r = 17*c - 13*c + 7692, 5*r = -4*c + 3828. What is the highest common divisor of 2496 and r?
192
Let v(k) = 13*k**2 - 48*k - 105. Let l be v(-6). What is the highest common factor of 21 and l?
21
Let s be (9 + 0)/3 - 0. Let r be (21/s - -6)*3. What is the greatest common factor of r and 39?
39
Suppose 72906 + 45894 = 197*c + 67*c. Calculate the greatest common factor of c and 486.
18
Suppose -60 = -16*o + o. Suppose -4*j + 6*j = -5*i + 1438, -1151 = -o*i - j. Calculate the highest common factor of 32 and i.
32
Suppose -13*t - 520 = -17*t. Let a(l) = -l**3 + 27*l**2 - 54*l + 23. Let h be a(24). What is the highest common divisor of t and h?
65
Let g(l) = l**3 - 4*l**2 - 3*l + 6. Let q be g(5). Let y(j) = 21*j - 15. Let h be y(q). Let n = 468 - h. What is the greatest common factor of n and 98?
49
Let q be (-26 - (-824)/32)/(1/(-2324)). Let j(s) = s**2 - 3*s - 5. Let w be j(-8). Calculate the greatest common divisor of w and q.
83
Suppose -7*s = -840 - 106 - 2288. Calculate the highest common divisor of s and 429.
33
Let v(c) = -c**2 + 44*c + 1595. Let n be v(65). What is the greatest common divisor of n and 1196?
46
Let g(p) = 3*p**3 - 134*p**2 - 181*p - 30. Let z be g(46). Let t(l) = 6*l**3 - l**2 + 3*l. Let q be t(3). What is the greatest common divisor of z and q?
54
Suppose -5*q = 40, 59*q - 57*q - 244 = -f. Calculate the highest common factor of 160 and f.
20
Suppose 5*i + 5*x = 757 + 2048, 2*i - 1122 = 3*x. Let v = i - 505. What is the greatest common divisor of 952 and v?
56
Let h = 8677 - 7408. What is the greatest common divisor of 47 and h?
47
Suppose -349 + 181 = 2*r. Let z = r - -95. Suppose 0 = -6*p + 3*p + 264. Calculate the highest common divisor of p and z.
11
Let x be 128/16 + -8 + 3 + 7 + 16. Suppose -69 = -2*q + 3*c, 3*q = -2*q + 5*c + 180. What is the greatest common divisor of x and q?
13
Suppose 146*a = 145*a + 4. Suppose -28 = -3*v - 5*c + c, v = 4*c + a. What is the highest common divisor of 40 and v?
8
Suppose 76 - 160 = -2*d. Suppose d = -5*z + 72. Suppose j = -j + 84. What is the greatest common factor of z and j?
6
Let n = -133 - -92. Let j = n + -68. Let m = j - -166. Calculate the highest common divisor of m and 3.
3
Suppose 0 = q + 4*w + 18, 2*q - 5*q - w = -1. Suppose 0 = -2*h + 3*h 